{"id":9,"date":"2009-02-22T18:28:07","date_gmt":"2009-02-22T17:28:07","guid":{"rendered":"http:\/\/www.azv-nordkreis-weimar.de\/wop\/?page_id=9"},"modified":"2024-07-02T16:44:52","modified_gmt":"2024-07-02T15:44:52","slug":"impressum","status":"publish","type":"page","link":"https:\/\/www.azv-nordkreis-weimar.de\/wop\/impressum\/","title":{"rendered":"Impressum"},"content":{"rendered":"<p><center><\/p>\n<table width=\"80%\" style=\"border-style: none;\">\n<tr>\n<td style=\"text-align:left;padding:15px;border-style: none;\">\n<table width=\"70%\" style=\"border-style: none;\">\n<tbody>\n<tr>\n<td width=\"30%\" valign=\"top\" style=\"border-style: none;\">Sitz und<br \/>\nPostanschrift<\/td>\n<td style=\"border-style: none;\">Abwasserzweckverband<br \/>\n&#8222;Nordkreis Weimar&#8220;<br \/>\nButtelstedt, Markt 2<br \/>\n99439 Am Ettersberg<\/td>\n<\/tr>\n<tr>\n<td valign=\"top\" style=\"border-style: none;\">Verbands-<br \/>\nvorsitzender<\/td>\n<td style=\"border-style: none;\">Thomas He\u00df<\/td>\n<\/tr>\n<tr>\n<td valign=\"top\" style=\"border-style: none;\">Gesch\u00e4ftsleiter<\/td>\n<td style=\"border-style: none;\">Dr. Dirk Friedrich<\/td>\n<\/tr>\n<tr>\n<td valign=\"top\" style=\"border-style: none;\">Aufsichts-<br \/>\nbeh\u00f6rde<\/td>\n<td style=\"border-style: none;\">Zust\u00e4ndige Aufsichtsbeh\u00f6rde ist gem\u00e4\u00df \u00a7 118 Th\u00fcr KO<br \/>\ndas Landratsamt Weimarer Land<br \/>\nBahnhofstr. 28<br \/>\n99510 Apolda<br \/>\nTel.: 03644 5400<\/td>\n<\/tr>\n<tr>\n<td style=\"border-style: none;\">Telefon<\/td>\n<td style=\"border-style: none;\">036451 738788<\/td>\n<\/tr>\n<tr>\n<td style=\"border-style: none;\">Telefax<\/td>\n<td style=\"border-style: none;\">036451 738789<\/td>\n<\/tr>\n<tr>\n<td style=\"border-style: none;\">E-Mail<\/td>\n<td style=\"border-style: none;\"><a href=\"mailto:info@azv-nordkreis-weimar.de\">info@azv-nordkreis-weimar.de<\/a><\/td>\n<\/tr>\n<tr>\n<td style=\"border-style: none;\">Internet<\/td>\n<td style=\"border-style: none;\"><a href=\"https:\/\/www.azv-nordkreis-weimar.de\">www.azv-nordkreis-weimar.de<\/a><\/td>\n<\/tr>\n<\/table>\n<hr>\n<h4>Haftungshinweis:<\/h4>\n<p>Trotz sorgf\u00e4ltiger inhaltlicher Kontrolle \u00fcbernehmen wir keine Haftung f\u00fcr die Inhalte interner Links.<br \/>\nF\u00fcr den Inhalt der verlinkten Seiten sind ausschlie\u00dflich die Betreiber verantwortlich.<\/p>\n<p><strong>Datenschutz<\/strong><br \/>\nDie Betreiber dieser Seiten nehmen den Schutz Ihrer pers\u00f6nlichen Daten sehr ernst. Wir behandeln Ihre personenbezogenen Daten vertraulich und entsprechend der gesetzlichen Datenschutzvorschriften sowie dieser Datenschutzerkl\u00e4rung.<\/p>\n<p>Die Nutzung unserer Webseite ist in der Regel ohne Angabe personenbezogener Daten m\u00f6glich. Soweit auf unseren Seiten personenbezogene Daten (beispielsweise Name, Anschrift oder E-Mail-Adressen) erhoben werden, erfolgt dies, soweit m\u00f6glich, stets auf freiwilliger Basis. Diese Daten werden ohne Ihre ausdr\u00fcckliche Zustimmung nicht an Dritte weitergegeben.<\/p>\n<p>Wir weisen darauf hin, dass die Daten\u00fcbertragung im Internet (z.B. bei der Kommunikation per E-Mail) Sicherheitsl\u00fccken aufweisen kann. Ein l\u00fcckenloser Schutz der Daten vor dem Zugriff durch Dritte ist nicht m\u00f6glich.<\/p>\n<p>Die gesetzlichen Regelungen zum Datenschutz gehen aus dem Bundesdatenschutz (BDSG) und dem Digitale-Dienst-Gesetz (DDG) hervor.<br \/>\nZu den personenbezogenen Daten geh\u00f6ren beispielsweise der Name, die Anschrift oder das Geburtsdatum des Nutzers. Diese Informationen werden nur gem\u00e4\u00df der gesetzlichen Datenschutzbestimmungen auf der Website erhoben und verarbeitet.<\/p>\n<p><strong>Kontaktformular<\/strong><br \/>\nWenn Sie uns  Anfragen zukommen lassen, werden Ihre Angaben  inklusive der von Ihnen  angegebenen Kontaktdaten zwecks Bearbeitung der Anfrage und f\u00fcr den Fall von Anschlussfragen bei uns gespeichert. Diese Daten geben wir nicht ohne Ihre Einwilligung weiter.<\/td>\n<\/tr>\n<\/tbody>\n<\/table>\n<p><\/center><\/p>\n","protected":false},"excerpt":{"rendered":"<p>Sitz und Postanschrift Abwasserzweckverband &#8222;Nordkreis Weimar&#8220; Buttelstedt, Markt 2 99439 Am Ettersberg Verbands- vorsitzender Thomas He\u00df Gesch\u00e4ftsleiter Dr. Dirk Friedrich Aufsichts- beh\u00f6rde Zust\u00e4ndige Aufsichtsbeh\u00f6rde ist gem\u00e4\u00df \u00a7 118 Th\u00fcr KO das Landratsamt Weimarer Land Bahnhofstr. 28 99510 Apolda Tel.: 03644 5400 Telefon 036451 738788 Telefax 036451 738789 E-Mail info@azv-nordkreis-weimar.de Internet www.azv-nordkreis-weimar.de Haftungshinweis: Trotz sorgf\u00e4ltiger inhaltlicher [&hellip;]<\/p>\n","protected":false},"author":3,"featured_media":0,"parent":0,"menu_order":5,"comment_status":"closed","ping_status":"closed","template":"","meta":{"footnotes":""},"class_list":["post-9","page","type-page","status-publish","hentry"],"_links":{"self":[{"href":"https:\/\/www.azv-nordkreis-weimar.de\/wop\/wp-json\/wp\/v2\/pages\/9","targetHints":{"allow":["GET"]}}],"collection":[{"href":"https:\/\/www.azv-nordkreis-weimar.de\/wop\/wp-json\/wp\/v2\/pages"}],"about":[{"href":"https:\/\/www.azv-nordkreis-weimar.de\/wop\/wp-json\/wp\/v2\/types\/page"}],"author":[{"embeddable":true,"href":"https:\/\/www.azv-nordkreis-weimar.de\/wop\/wp-json\/wp\/v2\/users\/3"}],"replies":[{"embeddable":true,"href":"https:\/\/www.azv-nordkreis-weimar.de\/wop\/wp-json\/wp\/v2\/comments?post=9"}],"version-history":[{"count":33,"href":"https:\/\/www.azv-nordkreis-weimar.de\/wop\/wp-json\/wp\/v2\/pages\/9\/revisions"}],"predecessor-version":[{"id":1305,"href":"https:\/\/www.azv-nordkreis-weimar.de\/wop\/wp-json\/wp\/v2\/pages\/9\/revisions\/1305"}],"wp:attachment":[{"href":"https:\/\/www.azv-nordkreis-weimar.de\/wop\/wp-json\/wp\/v2\/media?parent=9"}],"curies":[{"name":"wp","href":"https:\/\/api.w.org\/{rel}","templated":true}]}}