{"id":605,"date":"2014-10-27T11:36:22","date_gmt":"2014-10-27T10:36:22","guid":{"rendered":"http:\/\/www.azv-nordkreis-weimar.de\/wop\/?page_id=605"},"modified":"2025-06-18T07:00:58","modified_gmt":"2025-06-18T06:00:58","slug":"formulare-2","status":"publish","type":"page","link":"https:\/\/www.azv-nordkreis-weimar.de\/wop\/formulare-2\/","title":{"rendered":"Formulare"},"content":{"rendered":"<table style=\"border-style: none;\" width=\"95%\">\n<tbody>\n<tr>\n<td style=\"text-align: left; padding: 15px; border-style: none;\">\n<table style=\"border-style: none;\" width=\"90%\">\n<tbody>\n<tr>\n<td style=\"border-style: none;\" colspan=\"2\" valign=\"top\">\n<h4>Sie ben\u00f6tigen ein Formular von uns?<\/h4>\n<p>Hier k\u00f6nnen Sie es vielleicht finden:<\/td>\n<\/tr>\n<tr>\n<td style=\"border-style: none;\" valign=\"top\">\n<ul>\n<li><a href=\"https:\/\/www.azv-nordkreis-weimar.de\/wop\/wp-content\/uploads\/2024\/01\/Antrag-Stundung-Ratenzahlung.pdf\">Antrag Stundung,Ratenzahlung<\/a><\/li>\n<li><a href=\"https:\/\/www.azv-nordkreis-weimar.de\/wop\/wp-content\/uploads\/2025\/05\/Antrag-Zwischenwasserzaehler_2025_01.pdf\">Antrag Zwischenwasserz\u00e4hler <\/a><\/li>\n<li><a href=\"https:\/\/www.azv-nordkreis-weimar.de\/wop\/wp-content\/uploads\/2024\/11\/Meldung-Absetzung-Garten-und-Poolwasser.pdf\">Meldung Absetzung Garten- und Poolwasser<\/a><\/li>\n<li><a href=\"https:\/\/www.azv-nordkreis-weimar.de\/wop\/wp-content\/uploads\/2024\/01\/Aushang-Leerung-Kleinklaeranlagen.pdf\">Aushang f\u00fcr Leerung Kleinkl\u00e4ranlagen<\/a><\/li>\n<li><a href=\"https:\/\/www.azv-nordkreis-weimar.de\/wop\/wp-content\/uploads\/2025\/06\/SEPA.pdf\">Erteilung-\u00c4nderung SEPA-Mandat<\/a><\/li>\n<li><a href=\"https:\/\/www.azv-nordkreis-weimar.de\/wop\/wp-content\/uploads\/2024\/01\/Antrag-Einleitgenehmigung.pdf\">Antrag zum Einleiten von Abwasser in Kanal<\/a><\/li>\n<li><a href=\"https:\/\/www.azv-nordkreis-weimar.de\/wop\/wp-content\/uploads\/2024\/01\/Mieter_Paechter-Schuldbeitrittserklaerung.pdf\" target=\"_blank\" rel=\"noopener\">Mieter_P\u00e4chter-Schuldbeitrittserkl\u00e4rung<\/a><\/li>\n<\/ul>\n<p>F\u00fcr eine \u00dcbergabe \/ \u00dcbernahme von Grundst\u00fccken oder Geb\u00e4uden nutzen Sie bitte das <a href=\"https:\/\/www.wasserversorgung-weimar.de\/wp-content\/uploads\/2024\/02\/wzv-eu-eu-prot.pdf\">Protokoll des WZV unter folgendem LINK<\/a>.<\/p>\n<p>Ist das von Ihnen ben\u00f6tigte Formular nicht dabei, rufen Sie uns an oder fordern Sie es als E-Mail bei uns ab, wir senden es Ihnen gern zu.<\/td>\n<\/tr>\n<\/tbody>\n<\/table>\n<\/td>\n<\/tr>\n<\/tbody>\n<\/table>\n","protected":false},"excerpt":{"rendered":"<p>Sie ben\u00f6tigen ein Formular von uns? Hier k\u00f6nnen Sie es vielleicht finden: Antrag Stundung,Ratenzahlung Antrag Zwischenwasserz\u00e4hler Meldung Absetzung Garten- und Poolwasser Aushang f\u00fcr Leerung Kleinkl\u00e4ranlagen Erteilung-\u00c4nderung SEPA-Mandat Antrag zum Einleiten von Abwasser in Kanal Mieter_P\u00e4chter-Schuldbeitrittserkl\u00e4rung F\u00fcr eine \u00dcbergabe \/ \u00dcbernahme von Grundst\u00fccken oder Geb\u00e4uden nutzen Sie bitte das Protokoll des WZV unter folgendem LINK. Ist [&hellip;]<\/p>\n","protected":false},"author":3,"featured_media":0,"parent":0,"menu_order":2,"comment_status":"closed","ping_status":"closed","template":"","meta":{"footnotes":""},"class_list":["post-605","page","type-page","status-publish","hentry"],"_links":{"self":[{"href":"https:\/\/www.azv-nordkreis-weimar.de\/wop\/wp-json\/wp\/v2\/pages\/605","targetHints":{"allow":["GET"]}}],"collection":[{"href":"https:\/\/www.azv-nordkreis-weimar.de\/wop\/wp-json\/wp\/v2\/pages"}],"about":[{"href":"https:\/\/www.azv-nordkreis-weimar.de\/wop\/wp-json\/wp\/v2\/types\/page"}],"author":[{"embeddable":true,"href":"https:\/\/www.azv-nordkreis-weimar.de\/wop\/wp-json\/wp\/v2\/users\/3"}],"replies":[{"embeddable":true,"href":"https:\/\/www.azv-nordkreis-weimar.de\/wop\/wp-json\/wp\/v2\/comments?post=605"}],"version-history":[{"count":34,"href":"https:\/\/www.azv-nordkreis-weimar.de\/wop\/wp-json\/wp\/v2\/pages\/605\/revisions"}],"predecessor-version":[{"id":1434,"href":"https:\/\/www.azv-nordkreis-weimar.de\/wop\/wp-json\/wp\/v2\/pages\/605\/revisions\/1434"}],"wp:attachment":[{"href":"https:\/\/www.azv-nordkreis-weimar.de\/wop\/wp-json\/wp\/v2\/media?parent=605"}],"curies":[{"name":"wp","href":"https:\/\/api.w.org\/{rel}","templated":true}]}}